 k and 341.
31
Suppose 6*x + 646 - 118 = 0. Let w be x/10*55/(-22). What is the highest common divisor of w and 22?
22
Suppose 1789 = 7*u - 689. What is the highest common factor of u and 6?
6
Suppose -5*c - 3*a = 62 - 190, c = a + 32. Calculate the greatest common divisor of 98 and c.
14
Let r be -1*-8*((-45)/(-6) + 1). Suppose 3*d - 233 = -r. Let v = 64 + -42. Calculate the highest common factor of v and d.
11
Suppose -7*o = 2*n - 3*o - 80, o - 65 = -2*n. What is the highest common factor of 105 and n?
15
Suppose -78 - 162 = -12*a. Calculate the greatest common divisor of a and 1060.
20
Let v(b) = -b**3 + 25*b**2 - 23*b - 30. Let l be v(24). Let s(c) = 2*c**2 + 7*c - 5. Let o be s(l). Calculate the highest common divisor of o and 5.
5
Let y = 7 + 0. Suppose 0 = -y*d - 73 + 325. What is the greatest common factor of d and 24?
12
Let w(f) = f**2 + 25*f - 132. Let q be w(11). Calculate the highest common factor of q and 8.
8
Suppose 5*o + 41 = m, 221*m - 2*o - 113 = 216*m. Let i = 81 - -66. What is the greatest common divisor of m and i?
21
Let a = 123 - 120. What is the greatest common factor of 24 and a?
3
Let q = 2 - -22. Let d be (-3199)/119 - (-4)/(-34). Let t = -19 - d. Calculate the highest common divisor of q and t.
8
Let u(j) = j**2 + 2 + j**2 - j**2 - 23*j + 3*j**2. Let z be u(8). Calculate the greatest common factor of z and 185.
37
Suppose -137*q + 8265 = -80*q. What is the highest common divisor of 15 and q?
5
Suppose -57*c + 360 = -12*c. What is the greatest common factor of c and 108?
4
Let y be 19/38 + -2*21/(-12). Let o(f) = 5*f - 4. Let b be o(4). Calculate the greatest common factor of y and b.
4
Let w(u) = -u**3 + u**2 + 2*u + 12. Let i be w(0). Calculate the greatest common divisor of 6 and i.
6
Suppose -775 = 24*a - 1927. What is the highest common factor of 1008 and a?
48
Suppose -3*r + 145 = 5*n, -r + 0*r + n + 35 = 0. Let c = 82 - r. Calculate the greatest common factor of 12 and c.
6
Suppose -3*m = x - 34, -3*x = -8*x - 5*m + 150. Suppose -3*a + v = -121, 4*v + v = 3*a - 101. What is the greatest common factor of a and x?
14
Suppose -19 = x - 4*q, 2*q + 17 = -3*x + 6*q. Calculate the greatest common divisor of 1 and x.
1
Suppose 4*w - 18*d + 20*d - 96 = 0, 2*w - 3*d = 32. Let o be 1/(2/176)*1. What is the greatest common factor of w and o?
22
Let m = -15 + 51. Let b be m/(-12) - (1 - -1). Let v be 4/4 + b - -36. Calculate the highest common factor of v and 352.
32
Let p = 4 - 4. Suppose 3*v + 2*v - 25 = p. Let b = 148 + -93. What is the greatest common divisor of v and b?
5
Let k(u) = u + 1. Let n be k(0). Let c be (-22)/(-4)*(n - (5 - 6)). Calculate the greatest common factor of c and 1.
1
Let g be 15 - (1 + 3/3). Suppose 95 = d - 4*d + o, 5*d + 165 = 5*o. Let j = d + 122. Calculate the greatest common factor of g and j.
13
Let u(l) = l**3 - 6*l**2 + 6*l - 3. Let r be u(5). Suppose r*c + 10 - 86 = 0. Calculate the greatest common factor of c and 228.
38
Suppose -5 = 4*r + 3, 0 = -2*x - 2*r. Suppose -d - 2 = -24. What is the greatest common divisor of d and x?
2
Let r(w) = 152*w + 1276. Let b be r(-8). What is the highest common divisor of b and 312?
12
Let o(b) be the first derivative of b - 5 - b**2 + 20/3*b**3. Let a be o(2). What is the highest common factor of 11 and a?
11
Let r be (-4)/(-6)*3/2 - -591. Calculate the highest common factor of r and 74.
74
Suppose j - 5*j - 3*v = 96, -2*j - 48 = -2*v. Let n be 40/j*(-3 + 0). Calculate the greatest common divisor of 5 and n.
5
Let t(h) = -4*h**3 - 6*h**2 - 17*h - 42. Let w be t(-5). What is the highest common divisor of 3 and w?
3
Suppose 0 = 20*f - 15*f + 25, l - f = 369. What is the highest common factor of 104 and l?
52
Let l = 204 - 247. Let w(q) = -2*q - 6. Let h be w(5). Let a = h - l. Calculate the highest common divisor of a and 18.
9
Let l be (-6)/(-4)*(-3256)/(-12). Suppose 5*d - 3*d = -a + 33, a = 3*d + 43. What is the highest common factor of l and a?
37
Suppose 4*u - 187 = 501. Let j = u + -40. Calculate the greatest common divisor of 22 and j.
22
Let t(j) = -2*j - 17. Let k be t(-28). Suppose i - k = -3*p, -4*p + 2*p + 40 = -4*i. What is the greatest common divisor of p and 56?
14
Let u(v) = -v**3 + 23*v**2 + 18*v - 54. Let y be u(23). Suppose 18*z - 24*z + y = 0. Calculate the highest common factor of 15 and z.
15
Let x be ((-324)/252)/((-3)/14). What is the greatest common divisor of x and 12?
6
Suppose 2*x - 3*x + 4*u = -78, -9 = -3*u. Suppose 7*w - x - 15 = 0. Let y = 1 - -4. What is the greatest common divisor of w and y?
5
Suppose -575 = -5*x + 2*n, 5*x - 3*n = x + 453. What is the highest common divisor of x and 13?
13
Let s(q) = q**2 - 3*q - 24. Let n be s(-8). Suppose 5*v - 3*o = n, -5*o + 2*o + 6 = 0. What is the highest common factor of 112 and v?
14
Suppose 0 = -4*z - 3*z + 2625. Calculate the greatest common divisor of 15 and z.
15
Suppose -2*v - 88 = -4*n, 2*v = n - v - 22. Let d = 88 + -44. Calculate the greatest common factor of n and d.
22
Let m(c) = 48*c - 4 - 3 + 1. Let q be m(5). Suppose -594 - 30 = -24*x. Calculate the highest common divisor of x and q.
26
Let p(w) = w + 17. Let b be p(-13). Suppose -y = -3*f - 8, 3*y + f = -b + 28. What is the highest common divisor of 2 and y?
2
Let h be 124/20 - 1/5. Let f(k) = -k**2 + 3*k + 8. Let n be f(h). Let i = n - -14. What is the greatest common divisor of i and 10?
2
Let o = -20 - -15. Let l be (-76)/(-3)*(39/6 + o). Calculate the highest common factor of 57 and l.
19
Let z be -1 - (-2)/(-3)*3. Let j be 2/6 + (-20)/z. Suppose j*d - 4*d = 24. Calculate the highest common factor of 4 and d.
4
Suppose 1 = 2*b - 17. Let y = -63 + 66. Suppose 4*j - 38 = -2*g, -g - y*j = j - 29. What is the highest common factor of b and g?
9
Let f be 12/(-9)*(-2 + -1)*1. Suppose -9 = -2*m + 1, d - f*m = -7. Let k = 120 + -16. Calculate the greatest common factor of d and k.
13
Let s be (-75)/(-24) - 3/24. Calculate the greatest common divisor of 1 and s.
1
Let v be 1/3 + 64/24. Suppose -2*h - 6*k + v*k = 148, 0 = 3*h + 3*k + 228. Let i be (864/h)/(4/(-10)). Calculate the greatest common divisor of 108 and i.
27
Let z(k) = 5*k + 2. Let f be z(3). What is the highest common factor of f and 34?
17
Let v be (-48)/(-10) - (-2)/20*2. Let s(h) = 8*h - 10. Let m be s(v). Let u = -58 - -133. What is the highest common divisor of m and u?
15
Suppose 13*n = 9*n + 8. Let r be (-126)/(-3 + 1) - -1. Suppose -n*o - 2*o = -r. Calculate the greatest common factor of 32 and o.
16
Let n be 2/(0 + (-1)/4). Let t(u) = -u**2 - 10*u - 4. Let q be t(n). What is the highest common factor of 96 and q?
12
Suppose -24*b = 3*k - 21*b - 7113, 4*b = -2*k + 4752. Calculate the greatest common divisor of 14 and k.
14
Let s(z) = 3*z**2 + 13*z - 35. Let v be s(-10). What is the greatest common factor of 81 and v?
27
Suppose -5*l = 3*d + 2996, 0 = l - 8*d + 3*d + 588. Let x = -342 - l. Let p be 5*((-216)/(-15) - 5 - 3). Calculate the greatest common divisor of x and p.
32
Let u(c) = c**3 + 30*c**2 + 28*c - 18. Let n be u(-29). Calculate the greatest common divisor of 407 and n.
11
Let g = -47 + 50. What is the greatest common factor of g and 69?
3
Suppose 3*h - 4*r = 56, 130 = 5*h - r + 14. Calculate the greatest common divisor of h and 132.
12
Let w be (2/(-10))/(19/(-2185)). Calculate the highest common divisor of 69 and w.
23
Let h be 4 + (4 - (12 + -6))*-20. What is the highest common factor of 16 and h?
4
Suppose -5*a = -4*i - 36 - 0, -i - 24 = -5*a. Suppose a*w + w = 240. Let k = -41 + 47. Calculate the highest common factor of w and k.
6
Let j be (-90)/21 + 10/35. Let n be j/((-8)/6)*6. What is the greatest common factor of n and 18?
18
Suppose 269*r - 271*r + 2 = 0. Calculate the highest common factor of 23 and r.
1
Let q(k) = 21*k + 1023. Let g be q(-48). Calculate the greatest common factor of 351 and g.
3
Suppose x - 9 = 9. Calculate the greatest common factor of 162 and x.
18
Let i = -90 - -77. Let u(d) = -d**3 - 13*d**2 - d - 1. Let o be u(i). Calculate the highest common divisor of 12 and o.
12
Let l(g) = 7*g + 13. Let w be l(14). Let f be 0/1 - w/(-3)*5. What is the highest common factor of 74 and f?
37
Let d be (-781)/(-1)*(-2 + (-2 - -5)). Calculate the greatest common factor of 11 and d.
11
Let l = -291 - -203. Let a be (